 divided by 666.
109
What is the remainder when 5373 is divided by 265?
73
What is the remainder when 29454 is divided by 26?
22
Calculate the remainder when 41505 is divided by 896.
289
What is the remainder when 81849 is divided by 57?
54
What is the remainder when 669 is divided by 27?
21
What is the remainder when 332 is divided by 18?
8
Calculate the remainder when 122413 is divided by 54.
49
What is the remainder when 173991 is divided by 617?
614
Calculate the remainder when 2096 is divided by 18.
8
Calculate the remainder when 479026 is divided by 627.
625
What is the remainder when 177899 is divided by 60?
59
Calculate the remainder when 11985 is divided by 333.
330
What is the remainder when 76750 is divided by 1256?
134
What is the remainder when 1506 is divided by 30?
6
What is the remainder when 505678 is divided by 1505?
1503
What is the remainder when 71080 is divided by 198?
196
Calculate the remainder when 29989 is divided by 375.
364
Calculate the remainder when 30363 is divided by 205.
23
Calculate the remainder when 33497 is divided by 56.
9
What is the remainder when 18354 is divided by 526?
470
What is the remainder when 2866 is divided by 19?
16
What is the remainder when 2572 is divided by 214?
4
Calculate the remainder when 56515 is divided by 13.
4
Calculate the remainder when 2831 is divided by 240.
191
What is the remainder when 108949 is divided by 54468?
13
Calculate the remainder when 34839 is divided by 101.
95
What is the remainder when 168 is divided by 4?
0
Calculate the remainder when 351999 is divided by 4.
3
What is the remainder when 1571 is divided by 234?
167
Calculate the remainder when 151795 is divided by 1549.
1542
What is the remainder when 187984 is divided by 5696?
16
What is the remainder when 9006 is divided by 111?
15
Calculate the remainder when 51946 is divided by 225.
196
Calculate the remainder when 1778 is divided by 92.
30
Calculate the remainder when 88765 is divided by 3170.
5
What is the remainder when 387111 is divided by 78?
75
Calculate the remainder when 100318 is divided by 152.
150
What is the remainder when 9219 is divided by 730?
459
What is the remainder when 51749 is divided by 90?
89
Calculate the remainder when 3688 is divided by 172.
76
Calculate the remainder when 1113722 is divided by 8.
2
What is the remainder when 9111 is divided by 51?
33
Calculate the remainder when 2303 is divided by 330.
323
What is the remainder when 16205 is divided by 459?
140
Calculate the remainder when 4322 is divided by 27.
2
What is the remainder when 13336 is divided by 272?
8
What is the remainder when 894 is divided by 447?
0
What is the remainder when 2106 is divided by 684?
54
Calculate the remainder when 491 is divided by 481.
10
What is the remainder when 1989 is divided by 316?
93
What is the remainder when 4807 is divided by 257?
181
Calculate the remainder when 534 is divided by 125.
34
Calculate the remainder when 548273 is divided by 87.
86
Calculate the remainder when 23533 is divided by 500.
33
What is the remainder when 59683 is divided by 3315?
13
Calculate the remainder when 121771 is divided by 14.
13
What is the remainder when 7362 is divided by 223?
3
What is the remainder when 1541 is divided by 558?
425
Calculate the remainder when 4296 is divided by 383.
83
Calculate the remainder when 10646 is divided by 844.
518
Calculate the remainder when 715689 is divided by 573.
12
Calculate the remainder when 87898 is divided by 10.
8
What is the remainder when 424546 is divided by 108?
106
Calculate the remainder when 1856 is divided by 23.
16
What is the remainder when 269755 is divided by 3966?
67
Calculate the remainder when 11790 is divided by 17.
9
What is the remainder when 2587 is divided by 105?
67
Calculate the remainder when 124421 is divided by 2439.
32
Calculate the remainder when 456453 is divided by 572.
569
Calculate the remainder when 272186 is divided by 158.
110
Calculate the remainder when 1882 is divided by 5.
2
What is the remainder when 105727 is divided by 35194?
145
Calculate the remainder when 4230 is divided by 280.
30
What is the remainder when 10042 is divided by 388?
342
What is the remainder when 1005 is divided by 923?
82
Calculate the remainder when 496305 is divided by 165433.
6
Calculate the remainder when 49483 is divided by 1596.
7
What is the remainder when 140436 is divided by 11?
10
Calculate the remainder when 29692 is divided by 89.
55
Calculate the remainder when 2838 is divided by 42.
24
What is the remainder when 18358 is divided by 131?
18
Calculate the remainder when 83887 is divided by 392.
391
What is the remainder when 727 is divided by 191?
154
Calculate the remainder when 2313 is divided by 216.
153
Calculate the remainder when 352 is divided by 39.
1
Calculate the remainder when 841 is divided by 31.
4
What is the remainder when 39574 is divided by 97?
95
Calculate the remainder when 7609 is divided by 205.
24
What is the remainder when 418906 is divided by 208?
202
Calculate the remainder when 966 is divided by 29.
9
What is the remainder when 177763 is divided by 17?
11
Calculate the remainder when 97541 is divided by 34.
29
What is the remainder when 359721 is divided by 81?
0
Calculate the remainder when 18645 is divided by 809.
38
Calculate the remainder when 72056 is divided by 72021.
35
What is the remainder when 3489 is divided by 13?
5
Calculate the remainder when 36586 is divided by 9135.
46
Calculate the remainder when 1830 is divided by 1754.
76
Calculate the remainder when 1967 is divided by 966.
35
Calculate the remainder when 126604 is divided by 56.
44
What is the remainder when 425419 is divided by 3545?
19
What is the remainder when 1252 is divided by 175?
27
Calculate the remainder when 3392 is divided by 26.
12
What is the remainder when 5157 is divided by 90?
27
What is the remainder when 12762 is divided by 336?
330
Calculate the remainder when 8898 is divided by 307.
302
Calculate the remainder when 179867 is divided by 12.
11
What is the remainder when 1020705 is divided by 54?
51
What is the remainder when 1206528 is divided by 46?
40
What is the remainder when 130875 is divided by 5451?
51
Calculate the remainder when 5484 is divided by 220.
204
What is the remainder when 6166 is divided by 6088?
78
Calculate the remainder when 1696 is divided by 902.
794
What is the remainder when 20554 is divided by 294?
268
Calculate the remainder when 3166 is divided by 93.
4
What is the remainder when 989544 is divided by 123692?
8
What is the remainder when 11149 is divided by 743?
4
What is the remainder when 111794 is divided by 1082?
348
What is the remainder when 19126 is divided by 237?
166
What is the remainder when 25193 is divided by 17?
16
What is the remainder when 3949 is divided by 468?
205
What is the remainder when 30291 is divided by 18?
15
What is the remainder when 2256 is divided by 1079?
98
What is the remainder when 37914 is divided by 8?
2
What is the remainder when 8565 is divided by 1696?
85
What is the remainder when 1443823 is divided by 119?
115
Calculate the remainder when 92438 is divided by 46079.
280
Calculate the remainder when 11539 is divided by 2149.
794
Calculate the remainder when 165264 is divided by 82629.
6
What is the remainder when 20488 is divided by 928?
72
Calculate the remainder when 1361 is divided by 336.
17
What is the remainder when 11939 is divided by 5684?
571
What is the remainder when 1723 is divided by 110?
73
What is the remainder when 11470 is divided by 169?
147
Calculate the remainder when 24455 is divided by 3490.
25
Calculate the remainder when 1137 is divided by 1130.
7
What is the remainder when 3372 is divided by 28?
12
Calculate the remainder when 60893 is divided by 15.
8
Calculate the remainder when 50178 is divided by 25083.
12
What is the remainder when 2335 is divided by 217?
165
What is the remainder when 5622 is divided by 938?
932
What is the remainder when 28273 is divided by 65?
63
What is the remainder when 54 is divided by 19?
16
What is the remainder when 2197 is divided by 712?
61
What is the remainder when 15766 is divided by 2468?
958
Calculate the remainder when 20144 is divided by 86.
20
Calculate the remainder when 119931 i